{"id":1072,"date":"2013-07-31T18:19:10","date_gmt":"2013-07-31T18:19:10","guid":{"rendered":"http:\/\/www.pascalarquitectos.com\/?page_id=1072"},"modified":"2020-01-07T14:51:43","modified_gmt":"2020-01-07T14:51:43","slug":"la_firma","status":"publish","type":"page","link":"https:\/\/www.pascalarquitectos.com\/wordpress2\/la_firma\/","title":{"rendered":"La firma"},"content":{"rendered":"<div class=\"wpb-content-wrapper\"><p>[vc_row][vc_column][vc_tta_accordion][vc_tta_section title=&#8221;Trayectoria&#8221; tab_id=&#8221;1575474254627-c00f8189-11be&#8221;][vc_column_text]<\/p>\n<p>Carlos y Gerard Pascal nacen en Uruguay y se trasladan a M\u00e9xico en 1972, y en 1979 una vez terminados sus estudios de Arquitectura en la Universidad Iberoamericana y despu\u00e9s de haber trabajado en varios despachos a lo largo de la carrera inician Pascal Arquitectos.<\/p>\n<p>La identidad que sustenta el trabajo realizado a la fecha, proviene de que no se basan en una ideolog\u00eda \u00fanica que norme la forma, el lenguaje o los materiales as\u00ed como de un solo discurso a aplicar a cada obra.\u00a0Cada proyecto es un ejercicio que resulta de sus propias condicionantes \u00fanicas, tales como los recursos disponibles, el entorno socio-econ\u00f3mico, el lugar y as\u00ed subsecuentemente.<\/p>\n<p>El compromiso es simult\u00e1neo con el cliente y con el usuario final, al igual que con el medioambiente y la ciudad. Todo esto sustentado en un proceso \u00fanico de b\u00fasqueda ligado a la experimentaci\u00f3n de nuevos materiales y tecnolog\u00edas.\u00a0El objetivo es realizar todo tipo de obra sin basar el hacer en la especializaci\u00f3n por tipolog\u00edas.<br \/>\nPor lo cual se ha incursionado en lo residencial, corporativo, hotelero, restaurantes, templos y espacios rituales comunitarios, siendo una pr\u00e1ctica integral donde se interviene en la arquitectura, dise\u00f1o de interiores y mobiliario, hasta iluminaci\u00f3n y paisaje.\u00a0En estos 33 a\u00f1os de labor, muchos son los trabajos que han dejado conocimiento y experiencia.<\/p>\n<p>Algunos ejemplos son el Hotel Sheraton Centro Hist\u00f3rico ( hoy Hilton Reforma), localizado frente a la Alameda Central as\u00ed como la Casa de Meditaci\u00f3n, ubicada en Bosques de la Lomas, la cual ha sido objeto de varios reconocimientos a nivel mundial. Incursionado tambi\u00e9n en la restauraci\u00f3n, intervenci\u00f3n\u00a0 y reciclaje de obras de gran valor patrimonial como, por ejemplo, el Edificio Bolivia, proyectado por el arquitecto Jos\u00e9 Villagr\u00e1n en los a\u00f1os sesenta.<\/p>\n<p>[\/vc_column_text][\/vc_tta_section][vc_tta_section title=&#8221;Carlos Pascal Wolf &#8211; 1956&#8243; tab_id=&#8221;1575474254657-ee4011fc-3ac5&#8243;][vc_column_text]<\/p>\n<p><strong>Arquitecto &#8211; Universidad Iberoamericana. <\/strong>1974-79<br \/>\n<strong>Programa de Alta Direcci\u00f3n de Empresas &#8211; Ipade. <\/strong>1998<br \/>\n<strong>Maestr\u00eda en Semi\u00f3tica &#8211; Universidad An\u00e1huac. <\/strong>1999<br \/>\n<strong>Profesor de C\u00e1tedra Instituto Tecnol\u00f3gico de Monterrey.<\/strong><br \/>\n<strong>Profesor Maestr\u00eda en Vivienda UPAEP<\/strong> ( Universidad Aut\u00f3noma estado de puebla)<br \/>\n<strong>Profesor en el Master en Dise\u00f1o de Interiores en la Universidad An\u00e1huac.<\/strong><br \/>\n<strong>Docente invitado en la Universidad ORT Uruguay.<\/strong><br \/>\n<strong>M\u00faltiples conferencias en M\u00e9xico, Estados Unidos, China,\u00a0Europa y Sudam\u00e9rica.<\/strong><br \/>\n<strong>Colegio de Arquitectos<\/strong> (M\u00e9xico)<br \/>\n<strong>IIDA<\/strong> (International Interior Design Association)<br \/>\n<strong>AMDI<\/strong> (Asociaci\u00f3n mexicana de Dise\u00f1adores de Interiores)<br \/>\n<strong>FSMI-IFI Sociedad Mexicana de Interioristas.<\/strong> Miembro Profesional A\u00a0sociado de IFI (International Federation of Interior Architects\/Designers)<br \/>\n<strong>Cidi\u00a0 Fellow member<\/strong><\/p>\n<p>[\/vc_column_text][\/vc_tta_section][vc_tta_section title=&#8221;Gerard Pascal Wolf &#8211; 1954&#8243; tab_id=&#8221;1575481676234-9744dd7d-b257&#8243;][vc_column_text]<\/p>\n<p><strong>Arquitecto<\/strong> &#8211; Universidad Iberoamericana.1973-1978<br \/>\n<strong>M\u00faltiples conferencias en M\u00e9xico, Estados Unidos, China, Europa y Sudam\u00e9rica.<\/strong><br \/>\n<strong>IIDA<\/strong> (International Interior Design Association)<br \/>\n<strong>AMDI<\/strong> (Asociaci\u00f3n mexicana de Dise\u00f1adores de Interiores)<br \/>\n<strong>SMI-IFI <\/strong>Sociedad Mexicana de Interioristas. Miembro Profesional Asociado de IFI (International Federation of Interior<br \/>\nArchitects\/Designers)<br \/>\n<strong>Cidi\u00a0 Fellow member<\/strong><\/p>\n<p>[\/vc_column_text][\/vc_tta_section][\/vc_tta_accordion][\/vc_column][\/vc_row]<\/p>\n<\/div>","protected":false},"excerpt":{"rendered":"<p>[vc_row][vc_column][vc_tta_accordion][vc_tta_section title=&#8221;Trayectoria&#8221; tab_id=&#8221;1575474254627-c00f8189-11be&#8221;][vc_column_text] Carlos y Gerard Pascal nacen en Uruguay y se trasladan a M\u00e9xico en 1972, y en 1979 una vez terminados sus estudios de Arquitectura en la Universidad Iberoamericana y despu\u00e9s de haber trabajado en varios despachos a lo largo de la carrera inician Pascal Arquitectos. La identidad que sustenta el trabajo realizado &hellip;<\/p>\n","protected":false},"author":1,"featured_media":0,"parent":0,"menu_order":0,"comment_status":"closed","ping_status":"open","template":"","meta":{"inline_featured_image":false,"footnotes":""},"class_list":["post-1072","page","type-page","status-publish","hentry"],"_links":{"self":[{"href":"https:\/\/www.pascalarquitectos.com\/wordpress2\/wp-json\/wp\/v2\/pages\/1072","targetHints":{"allow":["GET"]}}],"collection":[{"href":"https:\/\/www.pascalarquitectos.com\/wordpress2\/wp-json\/wp\/v2\/pages"}],"about":[{"href":"https:\/\/www.pascalarquitectos.com\/wordpress2\/wp-json\/wp\/v2\/types\/page"}],"author":[{"embeddable":true,"href":"https:\/\/www.pascalarquitectos.com\/wordpress2\/wp-json\/wp\/v2\/users\/1"}],"replies":[{"embeddable":true,"href":"https:\/\/www.pascalarquitectos.com\/wordpress2\/wp-json\/wp\/v2\/comments?post=1072"}],"version-history":[{"count":8,"href":"https:\/\/www.pascalarquitectos.com\/wordpress2\/wp-json\/wp\/v2\/pages\/1072\/revisions"}],"predecessor-version":[{"id":12047,"href":"https:\/\/www.pascalarquitectos.com\/wordpress2\/wp-json\/wp\/v2\/pages\/1072\/revisions\/12047"}],"wp:attachment":[{"href":"https:\/\/www.pascalarquitectos.com\/wordpress2\/wp-json\/wp\/v2\/media?parent=1072"}],"curies":[{"name":"wp","href":"https:\/\/api.w.org\/{rel}","templated":true}]}}