{"id":13249,"date":"2019-12-13T16:16:41","date_gmt":"2019-12-13T16:16:41","guid":{"rendered":"http:\/\/www.pascalarquitectos.com\/wordpress2\/?page_id=13249"},"modified":"2019-12-14T15:18:08","modified_gmt":"2019-12-14T15:18:08","slug":"pascal-arquitectos","status":"publish","type":"page","link":"https:\/\/www.pascalarquitectos.com\/wordpress2\/pascal-arquitectos\/","title":{"rendered":"Pascal Arquitectos"},"content":{"rendered":"<div class=\"wpb-content-wrapper\"><p>[vc_row][vc_column width=&#8221;1\/3&#8243;][vc_single_image image=&#8221;13261&#8243; img_size=&#8221;full&#8221;][\/vc_column][vc_column width=&#8221;1\/3&#8243;][vc_column_text]<\/p>\r\n<p><strong>Carlos y Gerard Pascal <\/strong>nacen en Uruguay y se trasladan a M\u00e9xico en 1972, y en 1979 una vez terminados sus estudios de Arquitectura\u00a0 en la Universidad Iberoamericana y despu\u00e9s de haber trabajado en varios despachos a lo largo de la carrera, inician Pascal Arquitectos.<\/p>\r\n<p>La identidad que sustenta el trabajo realizado a la fecha, proviene en que no se basan en una ideolog\u00eda \u00fanica que norme la forma, el lenguaje o los materiales, as\u00ed como un solo discurso por aplicar en cada obra.\u00a0Cada proyecto\u00a0 es un ejercicio que\u00a0 resulta de sus propias condicionantes \u00fanicas, tales como los recursos disponibles, el entorno socio-econ\u00f3mico, el\u00a0 lugar y as\u00ed subsecuentemente.\u00a0El compromiso es simult\u00e1neo con el cliente y con el usuario final, al igual que con\u00a0 el medioambiente y la ciudad. Todo esto sustentado en un proceso \u00fanico de b\u00fasqueda ligado a la experimentaci\u00f3n de nuevos\u00a0 materiales y tecnolog\u00edas.\u00a0El objetivo es realizar todo tipo de obras sin basar el hacer en la especializaci\u00f3n por tipolog\u00edas.<\/p>\r\n<p>[\/vc_column_text][\/vc_column][vc_column width=&#8221;1\/3&#8243;][vc_column_text]<\/p>\r\n<p>Por lo cual se ha incursionado en lo residencial, corporativo,\u00a0 hotelero, restaurantes, templos y espacios rituales comunitarios, siendo una pr\u00e1ctica integral donde se interviene en la arquitectura, dise\u00f1o de interiores y mobiliario,\u00a0hasta iluminaci\u00f3n y paisaje.\u00a0En estos 33 a\u00f1os de labor, muchos son los trabajos que han dejado conocimiento y experiencia. Algunos ejemplos son el Hotel Sheraton Centro Hist\u00f3rico ( hoy Hilton Reforma), localizado frente a la Alameda Central as\u00ed como la Casa de Meditaci\u00f3n, ubicada en Bosques de la Lomas, la cual ha sido objeto de varios reconocimientos a nivel mundial.<\/p>\r\n<p>Incursionado tambi\u00e9n en la restauraci\u00f3n, intervenci\u00f3n\u00a0 y reciclaje de obras de gran valor patrimonial como, por ejemplo, el Edificio Bolivia, proyectado por el arquitecto Jos\u00e9 Villagr\u00e1n en los a\u00f1os sesenta.<\/p>\r\n<p>[\/vc_column_text][\/vc_column][\/vc_row]<\/p><\/div>","protected":false},"excerpt":{"rendered":"<p>[vc_row][vc_column width=&#8221;1\/3&#8243;][vc_single_image image=&#8221;13261&#8243; img_size=&#8221;full&#8221;][\/vc_column][vc_column width=&#8221;1\/3&#8243;][vc_column_text] Carlos y Gerard Pascal nacen en Uruguay y se trasladan a M\u00e9xico en 1972, y en 1979 una vez terminados sus estudios de Arquitectura\u00a0 en la Universidad Iberoamericana y despu\u00e9s de haber trabajado en varios despachos a lo largo de la carrera, inician Pascal Arquitectos. La identidad que sustenta el &hellip;<\/p>\n","protected":false},"author":1,"featured_media":0,"parent":0,"menu_order":0,"comment_status":"closed","ping_status":"closed","template":"","meta":{"inline_featured_image":false,"footnotes":""},"class_list":["post-13249","page","type-page","status-publish","hentry"],"_links":{"self":[{"href":"https:\/\/www.pascalarquitectos.com\/wordpress2\/wp-json\/wp\/v2\/pages\/13249","targetHints":{"allow":["GET"]}}],"collection":[{"href":"https:\/\/www.pascalarquitectos.com\/wordpress2\/wp-json\/wp\/v2\/pages"}],"about":[{"href":"https:\/\/www.pascalarquitectos.com\/wordpress2\/wp-json\/wp\/v2\/types\/page"}],"author":[{"embeddable":true,"href":"https:\/\/www.pascalarquitectos.com\/wordpress2\/wp-json\/wp\/v2\/users\/1"}],"replies":[{"embeddable":true,"href":"https:\/\/www.pascalarquitectos.com\/wordpress2\/wp-json\/wp\/v2\/comments?post=13249"}],"version-history":[{"count":8,"href":"https:\/\/www.pascalarquitectos.com\/wordpress2\/wp-json\/wp\/v2\/pages\/13249\/revisions"}],"predecessor-version":[{"id":13289,"href":"https:\/\/www.pascalarquitectos.com\/wordpress2\/wp-json\/wp\/v2\/pages\/13249\/revisions\/13289"}],"wp:attachment":[{"href":"https:\/\/www.pascalarquitectos.com\/wordpress2\/wp-json\/wp\/v2\/media?parent=13249"}],"curies":[{"name":"wp","href":"https:\/\/api.w.org\/{rel}","templated":true}]}}